{"id":757,"date":"2023-09-24T21:55:26","date_gmt":"2023-09-24T21:55:26","guid":{"rendered":"https:\/\/hfengineering.com.mx\/?page_id=757"},"modified":"2024-01-25T17:46:16","modified_gmt":"2024-01-25T17:46:16","slug":"757-2","status":"publish","type":"page","link":"https:\/\/hfengineering.com.mx\/?page_id=757","title":{"rendered":""},"content":{"rendered":"\n<div class=\"wp-block-cover\"><span aria-hidden=\"true\" class=\"wp-block-cover__background has-background-dim\"><\/span><img loading=\"lazy\" decoding=\"async\" width=\"2560\" height=\"1707\" class=\"wp-block-cover__image-background wp-image-735\" alt=\"\" src=\"https:\/\/hfengineering.com.mx\/wp-content\/uploads\/2023\/09\/contaminacion-ambiental-exterior-fabrica-noche-3-scaled.jpg\" data-object-fit=\"cover\" srcset=\"https:\/\/hfengineering.com.mx\/wp-content\/uploads\/2023\/09\/contaminacion-ambiental-exterior-fabrica-noche-3-scaled.jpg 2560w, https:\/\/hfengineering.com.mx\/wp-content\/uploads\/2023\/09\/contaminacion-ambiental-exterior-fabrica-noche-3-300x200.jpg 300w, https:\/\/hfengineering.com.mx\/wp-content\/uploads\/2023\/09\/contaminacion-ambiental-exterior-fabrica-noche-3-1024x683.jpg 1024w, https:\/\/hfengineering.com.mx\/wp-content\/uploads\/2023\/09\/contaminacion-ambiental-exterior-fabrica-noche-3-768x512.jpg 768w, https:\/\/hfengineering.com.mx\/wp-content\/uploads\/2023\/09\/contaminacion-ambiental-exterior-fabrica-noche-3-1536x1024.jpg 1536w, https:\/\/hfengineering.com.mx\/wp-content\/uploads\/2023\/09\/contaminacion-ambiental-exterior-fabrica-noche-3-2048x1365.jpg 2048w, https:\/\/hfengineering.com.mx\/wp-content\/uploads\/2023\/09\/contaminacion-ambiental-exterior-fabrica-noche-3-1320x880.jpg 1320w\" sizes=\"(max-width: 2560px) 100vw, 2560px\" \/><div class=\"wp-block-cover__inner-container is-layout-constrained wp-block-cover-is-layout-constrained\">\n<p class=\"has-text-align-center has-large-font-size\"><strong>\u00bfQUI\u00c9NES SOMOS?<\/strong><\/p>\n\n\n\n<h4 class=\"wp-block-heading has-text-align-center has-zeever-secondary-color has-text-color\">NUESTROS VALORES<\/h4>\n\n\n\n<figure class=\"wp-block-image aligncenter size-large is-resized\"><img loading=\"lazy\" decoding=\"async\" width=\"1024\" height=\"867\" src=\"https:\/\/hfengineering.com.mx\/wp-content\/uploads\/2023\/09\/VALORES-10-1024x867.png\" alt=\"\" class=\"wp-image-736\" style=\"width:321px;height:272px\" srcset=\"https:\/\/hfengineering.com.mx\/wp-content\/uploads\/2023\/09\/VALORES-10-1024x867.png 1024w, https:\/\/hfengineering.com.mx\/wp-content\/uploads\/2023\/09\/VALORES-10-300x254.png 300w, https:\/\/hfengineering.com.mx\/wp-content\/uploads\/2023\/09\/VALORES-10-768x650.png 768w, https:\/\/hfengineering.com.mx\/wp-content\/uploads\/2023\/09\/VALORES-10-1536x1301.png 1536w, https:\/\/hfengineering.com.mx\/wp-content\/uploads\/2023\/09\/VALORES-10-2048x1734.png 2048w, https:\/\/hfengineering.com.mx\/wp-content\/uploads\/2023\/09\/VALORES-10-1320x1118.png 1320w\" sizes=\"(max-width: 1024px) 100vw, 1024px\" \/><\/figure>\n<\/div><\/div>\n\n\n\n<div class=\"wp-block-columns is-layout-flex wp-container-core-columns-is-layout-1 wp-block-columns-is-layout-flex\">\n<div class=\"wp-block-column is-layout-flow wp-block-column-is-layout-flow\">\n<figure class=\"wp-block-pullquote has-zeever-primary-color has-zeever-secondary-background-color has-text-color has-background has-normal-font-size\"><blockquote><p><strong>MISI\u00d3N<\/strong><\/p><cite><strong>Ser l\u00edderes en la Ingenier\u00eda de Dise\u00f1o para la ejecuci\u00f3n de proyectos exitosos.<\/strong><\/cite><\/blockquote><\/figure>\n<\/div>\n\n\n\n<div class=\"wp-block-column is-layout-flow wp-block-column-is-layout-flow\">\n<figure class=\"wp-block-pullquote has-zeever-primary-color has-zeever-secondary-background-color has-text-color has-background has-normal-font-size\"><blockquote><p><strong>VISI\u00d3N<\/strong><\/p><cite><strong>Excelencia en la Ingenier\u00eda a trav\u00e9s de LA EXPERIENCIA de personal especializado.<\/strong><\/cite><\/blockquote><\/figure>\n<\/div>\n<\/div>\n\n\n\n<div class=\"wp-block-jetpack-slideshow aligncenter\" data-autoplay=\"true\" data-delay=\"3\" data-effect=\"fade\"><div class=\"wp-block-jetpack-slideshow_container swiper-container\"><ul class=\"wp-block-jetpack-slideshow_swiper-wrapper swiper-wrapper\"><li class=\"wp-block-jetpack-slideshow_slide swiper-slide\"><figure><img loading=\"lazy\" decoding=\"async\" width=\"1024\" height=\"576\" alt=\"\" class=\"wp-block-jetpack-slideshow_image wp-image-791\" data-id=\"791\" src=\"https:\/\/hfengineering.com.mx\/wp-content\/uploads\/2023\/09\/bunker-focus-0-0-840-600-2.jpg\" srcset=\"https:\/\/hfengineering.com.mx\/wp-content\/uploads\/2023\/09\/bunker-focus-0-0-840-600-2.jpg 1024w, https:\/\/hfengineering.com.mx\/wp-content\/uploads\/2023\/09\/bunker-focus-0-0-840-600-2-300x169.jpg 300w, https:\/\/hfengineering.com.mx\/wp-content\/uploads\/2023\/09\/bunker-focus-0-0-840-600-2-768x432.jpg 768w\" sizes=\"(max-width: 1024px) 100vw, 1024px\" \/><\/figure><\/li><li class=\"wp-block-jetpack-slideshow_slide swiper-slide\"><figure><img loading=\"lazy\" decoding=\"async\" width=\"1260\" height=\"630\" alt=\"\" class=\"wp-block-jetpack-slideshow_image wp-image-792\" data-id=\"792\" src=\"https:\/\/hfengineering.com.mx\/wp-content\/uploads\/2023\/09\/cabecera-vitaller_1-5.jpg\" srcset=\"https:\/\/hfengineering.com.mx\/wp-content\/uploads\/2023\/09\/cabecera-vitaller_1-5.jpg 1260w, https:\/\/hfengineering.com.mx\/wp-content\/uploads\/2023\/09\/cabecera-vitaller_1-5-300x150.jpg 300w, https:\/\/hfengineering.com.mx\/wp-content\/uploads\/2023\/09\/cabecera-vitaller_1-5-1024x512.jpg 1024w, https:\/\/hfengineering.com.mx\/wp-content\/uploads\/2023\/09\/cabecera-vitaller_1-5-768x384.jpg 768w\" sizes=\"(max-width: 1260px) 100vw, 1260px\" \/><\/figure><\/li><li class=\"wp-block-jetpack-slideshow_slide swiper-slide\"><figure><img loading=\"lazy\" decoding=\"async\" width=\"1280\" height=\"960\" alt=\"\" class=\"wp-block-jetpack-slideshow_image wp-image-1163\" data-id=\"1163\" src=\"https:\/\/hfengineering.com.mx\/wp-content\/uploads\/2024\/01\/WhatsApp-Image-2024-01-09-at-6.39.44-PM.jpeg\" srcset=\"https:\/\/hfengineering.com.mx\/wp-content\/uploads\/2024\/01\/WhatsApp-Image-2024-01-09-at-6.39.44-PM.jpeg 1280w, https:\/\/hfengineering.com.mx\/wp-content\/uploads\/2024\/01\/WhatsApp-Image-2024-01-09-at-6.39.44-PM-300x225.jpeg 300w, https:\/\/hfengineering.com.mx\/wp-content\/uploads\/2024\/01\/WhatsApp-Image-2024-01-09-at-6.39.44-PM-1024x768.jpeg 1024w, https:\/\/hfengineering.com.mx\/wp-content\/uploads\/2024\/01\/WhatsApp-Image-2024-01-09-at-6.39.44-PM-768x576.jpeg 768w\" sizes=\"(max-width: 1280px) 100vw, 1280px\" \/><\/figure><\/li><li class=\"wp-block-jetpack-slideshow_slide swiper-slide\"><figure><img loading=\"lazy\" decoding=\"async\" width=\"2560\" height=\"1707\" alt=\"\" class=\"wp-block-jetpack-slideshow_image wp-image-1164\" data-id=\"1164\" src=\"https:\/\/hfengineering.com.mx\/wp-content\/uploads\/2024\/01\/contaminacion-ambiental-exterior-fabrica-noche-scaled.jpg\" srcset=\"https:\/\/hfengineering.com.mx\/wp-content\/uploads\/2024\/01\/contaminacion-ambiental-exterior-fabrica-noche-scaled.jpg 2560w, https:\/\/hfengineering.com.mx\/wp-content\/uploads\/2024\/01\/contaminacion-ambiental-exterior-fabrica-noche-300x200.jpg 300w, https:\/\/hfengineering.com.mx\/wp-content\/uploads\/2024\/01\/contaminacion-ambiental-exterior-fabrica-noche-1024x683.jpg 1024w, https:\/\/hfengineering.com.mx\/wp-content\/uploads\/2024\/01\/contaminacion-ambiental-exterior-fabrica-noche-768x512.jpg 768w, https:\/\/hfengineering.com.mx\/wp-content\/uploads\/2024\/01\/contaminacion-ambiental-exterior-fabrica-noche-1536x1024.jpg 1536w, https:\/\/hfengineering.com.mx\/wp-content\/uploads\/2024\/01\/contaminacion-ambiental-exterior-fabrica-noche-2048x1365.jpg 2048w, https:\/\/hfengineering.com.mx\/wp-content\/uploads\/2024\/01\/contaminacion-ambiental-exterior-fabrica-noche-1320x880.jpg 1320w\" sizes=\"(max-width: 2560px) 100vw, 2560px\" \/><\/figure><\/li><\/ul><a class=\"wp-block-jetpack-slideshow_button-prev swiper-button-prev swiper-button-white\" role=\"button\"><\/a><a class=\"wp-block-jetpack-slideshow_button-next swiper-button-next swiper-button-white\" role=\"button\"><\/a><a aria-label=\"Pause Slideshow\" class=\"wp-block-jetpack-slideshow_button-pause\" role=\"button\"><\/a><div class=\"wp-block-jetpack-slideshow_pagination swiper-pagination swiper-pagination-white\"><\/div><\/div><\/div>\n\n\n\n<div class=\"wp-block-group has-black-background-color has-background is-layout-constrained wp-container-core-group-is-layout-2 wp-block-group-is-layout-constrained\" style=\"padding-top:80px;padding-bottom:0px\"><nav class=\"is-responsive items-justified-right no-wrap wp-block-navigation is-content-justification-right is-nowrap is-layout-flex wp-container-core-navigation-is-layout-1 wp-block-navigation-is-layout-flex\" aria-label=\"MENU FINAL\" \n\t\t data-wp-interactive=\"core\/navigation\" data-wp-context='{\"overlayOpenedBy\":{\"click\":false,\"hover\":false,\"focus\":false},\"type\":\"overlay\",\"roleAttribute\":\"\",\"ariaLabel\":\"Men\\u00fa\"}'><button aria-haspopup=\"dialog\" aria-label=\"Abrir el men\u00fa\" class=\"wp-block-navigation__responsive-container-open \" \n\t\t\t\tdata-wp-on-async--click=\"actions.openMenuOnClick\"\n\t\t\t\tdata-wp-on--keydown=\"actions.handleMenuKeydown\"\n\t\t\t><svg width=\"24\" height=\"24\" xmlns=\"http:\/\/www.w3.org\/2000\/svg\" viewBox=\"0 0 24 24\"><path d=\"M5 5v1.5h14V5H5zm0 7.8h14v-1.5H5v1.5zM5 19h14v-1.5H5V19z\" \/><\/svg><\/button>\n\t\t\t\t<div class=\"wp-block-navigation__responsive-container  \"  id=\"modal-1\" \n\t\t\t\tdata-wp-class--has-modal-open=\"state.isMenuOpen\"\n\t\t\t\tdata-wp-class--is-menu-open=\"state.isMenuOpen\"\n\t\t\t\tdata-wp-watch=\"callbacks.initMenu\"\n\t\t\t\tdata-wp-on--keydown=\"actions.handleMenuKeydown\"\n\t\t\t\tdata-wp-on-async--focusout=\"actions.handleMenuFocusout\"\n\t\t\t\ttabindex=\"-1\"\n\t\t\t>\n\t\t\t\t\t<div class=\"wp-block-navigation__responsive-close\" tabindex=\"-1\">\n\t\t\t\t\t\t<div class=\"wp-block-navigation__responsive-dialog\" \n\t\t\t\tdata-wp-bind--aria-modal=\"state.ariaModal\"\n\t\t\t\tdata-wp-bind--aria-label=\"state.ariaLabel\"\n\t\t\t\tdata-wp-bind--role=\"state.roleAttribute\"\n\t\t\t>\n\t\t\t\t\t\t\t<button aria-label=\"Cerrar el men\u00fa\" class=\"wp-block-navigation__responsive-container-close\" \n\t\t\t\tdata-wp-on-async--click=\"actions.closeMenuOnClick\"\n\t\t\t><svg xmlns=\"http:\/\/www.w3.org\/2000\/svg\" viewBox=\"0 0 24 24\" width=\"24\" height=\"24\" aria-hidden=\"true\" focusable=\"false\"><path d=\"M13 11.8l6.1-6.3-1-1-6.1 6.2-6.1-6.2-1 1 6.1 6.3-6.5 6.7 1 1 6.5-6.6 6.5 6.6 1-1z\"><\/path><\/svg><\/button>\n\t\t\t\t\t\t\t<div class=\"wp-block-navigation__responsive-container-content\" \n\t\t\t\tdata-wp-watch=\"callbacks.focusFirstElement\"\n\t\t\t id=\"modal-1-content\">\n\t\t\t\t\t\t\t\t<ul class=\"wp-block-navigation__container is-responsive items-justified-right no-wrap wp-block-navigation\"><li class=\" wp-block-navigation-item  menu-item menu-item-type-post_type menu-item-object-page menu-item-home wp-block-navigation-link\"><a class=\"wp-block-navigation-item__content\"  href=\"https:\/\/hfengineering.com.mx\/\" title=\"\"><span class=\"wp-block-navigation-item__label\">INICIO<\/span><\/a><\/li><li class=\" wp-block-navigation-item  menu-item menu-item-type-post_type menu-item-object-page wp-block-navigation-link\"><a class=\"wp-block-navigation-item__content\"  href=\"https:\/\/hfengineering.com.mx\/?page_id=757\" title=\"\"><span class=\"wp-block-navigation-item__label\">\u00bfQUI\u00c9NES SOMOS?<\/span><\/a><\/li><li class=\" wp-block-navigation-item wp-block-navigation-link\"><a class=\"wp-block-navigation-item__content\"  href=\"https:\/\/hfengineering.com.mx\/?page_id=827\"><span class=\"wp-block-navigation-item__label\">SERVICIOS<\/span><\/a><\/li><li class=\" wp-block-navigation-item  menu-item menu-item-type-post_type menu-item-object-page wp-block-navigation-link\"><a class=\"wp-block-navigation-item__content\"  href=\"https:\/\/hfengineering.com.mx\/?page_id=608\" title=\"\"><span class=\"wp-block-navigation-item__label\">TRAYECTORIA<\/span><\/a><\/li><li class=\" wp-block-navigation-item  menu-item menu-item-type-post_type menu-item-object-page wp-block-navigation-link\"><a class=\"wp-block-navigation-item__content\"  href=\"https:\/\/hfengineering.com.mx\/?page_id=577\" title=\"\"><span class=\"wp-block-navigation-item__label\">CONT\u00c1CTANOS<\/span><\/a><\/li><\/ul>\n\t\t\t\t\t\t\t<\/div>\n\t\t\t\t\t\t<\/div>\n\t\t\t\t\t<\/div>\n\t\t\t\t<\/div><\/nav>\n\n\n<div class=\"wp-block-columns are-vertically-aligned-top is-layout-flex wp-container-core-columns-is-layout-3 wp-block-columns-is-layout-flex\" style=\"margin-bottom:80px\">\n<div class=\"wp-block-column is-vertically-aligned-top is-layout-flow wp-block-column-is-layout-flow\" style=\"padding-right:40px;flex-basis:300px\">\n<div class=\"wp-block-group is-layout-flow wp-block-group-is-layout-flow\" style=\"padding-top:10px\">\n<div class=\"wp-block-columns is-layout-flex wp-container-core-columns-is-layout-2 wp-block-columns-is-layout-flex\">\n<div class=\"wp-block-column is-vertically-aligned-center is-layout-flow wp-block-column-is-layout-flow\" style=\"flex-basis:25%\">\n<hr class=\"wp-block-separator has-text-color has-zeever-secondary-color has-alpha-channel-opacity has-zeever-secondary-background-color has-background is-style-default\"\/>\n<\/div>\n\n\n\n<div class=\"wp-block-column is-layout-flow wp-block-column-is-layout-flow\" style=\"flex-basis:66.66%\">\n<figure class=\"wp-block-image size-large\"><img loading=\"lazy\" decoding=\"async\" width=\"1024\" height=\"1024\" src=\"https:\/\/hfengineering.com.mx\/wp-content\/uploads\/2023\/09\/Sin-titulo-3-6-1024x1024.png\" alt=\"\" class=\"wp-image-784\" srcset=\"https:\/\/hfengineering.com.mx\/wp-content\/uploads\/2023\/09\/Sin-titulo-3-6-1024x1024.png 1024w, https:\/\/hfengineering.com.mx\/wp-content\/uploads\/2023\/09\/Sin-titulo-3-6-300x300.png 300w, https:\/\/hfengineering.com.mx\/wp-content\/uploads\/2023\/09\/Sin-titulo-3-6-150x150.png 150w, https:\/\/hfengineering.com.mx\/wp-content\/uploads\/2023\/09\/Sin-titulo-3-6-768x768.png 768w, https:\/\/hfengineering.com.mx\/wp-content\/uploads\/2023\/09\/Sin-titulo-3-6-1536x1536.png 1536w, https:\/\/hfengineering.com.mx\/wp-content\/uploads\/2023\/09\/Sin-titulo-3-6-2048x2048.png 2048w, https:\/\/hfengineering.com.mx\/wp-content\/uploads\/2023\/09\/Sin-titulo-3-6-1320x1320.png 1320w\" sizes=\"(max-width: 1024px) 100vw, 1024px\" \/><\/figure>\n<\/div>\n<\/div>\n<\/div>\n\n\n\n<p class=\"has-text-color\" style=\"color:#d0d0d0;font-size:27px;font-style:normal;font-weight:300\">Soluciones estrat\u00e9gicas<\/p>\n<\/div>\n\n\n\n<div class=\"wp-block-column is-layout-flow wp-block-column-is-layout-flow\">\n<h2 class=\"wp-block-heading has-text-align-left\">CONTACTO<\/h2>\n\n\n\n<p class=\"has-text-align-center\"><strong>Tel\u00e9fonos: <\/strong><\/p>\n\n\n\n<figure class=\"wp-block-image aligncenter size-full is-resized\"><img loading=\"lazy\" decoding=\"async\" width=\"360\" height=\"360\" src=\"https:\/\/hfengineering.com.mx\/wp-content\/uploads\/2024\/01\/pngtree-whatsapp-mobile-software-icon-png-image_6315991-3.png\" alt=\"\" class=\"wp-image-1200\" style=\"aspect-ratio:1;width:48px;height:auto\" srcset=\"https:\/\/hfengineering.com.mx\/wp-content\/uploads\/2024\/01\/pngtree-whatsapp-mobile-software-icon-png-image_6315991-3.png 360w, https:\/\/hfengineering.com.mx\/wp-content\/uploads\/2024\/01\/pngtree-whatsapp-mobile-software-icon-png-image_6315991-3-300x300.png 300w, https:\/\/hfengineering.com.mx\/wp-content\/uploads\/2024\/01\/pngtree-whatsapp-mobile-software-icon-png-image_6315991-3-150x150.png 150w\" sizes=\"(max-width: 360px) 100vw, 360px\" \/><\/figure>\n\n\n\n<p class=\"has-text-align-center\"><strong>55 3115-0876<\/strong><\/p>\n\n\n\n<div class=\"wp-block-jetpack-send-a-message\">\n<div class=\"wp-block-jetpack-whatsapp-button aligncenter is-color-dark\"><a class=\"whatsapp-block__button\" href=\"https:\/\/api.whatsapp.com\/send?phone=525531150876&amp;text=Hola%2C%20tengo%20tu%20informaci%C3%B3n%20de%20WhatsApp%20de%20tu%20web.%0A%0AMe%20gustar%C3%ADa%20solicitar%20una%20cotizaci%C3%B3n\" style=\"background-color:#25D366;color:#fff\" target=\"_blank\" rel=\"noopener noreferrer\">Chat en WhatsApp<\/a><\/div>\n<\/div>\n\n\n\n<hr class=\"wp-block-separator has-alpha-channel-opacity\"\/>\n\n\n\n<p class=\"has-text-align-center\"><\/p>\n\n\n\n<p class=\"has-text-align-center\"><strong>CORREO<\/strong><\/p>\n\n\n\n<p class=\"has-text-align-center has-small-font-size\"><strong>contactohf@engineeringhf.com<\/strong><\/p>\n\n\n\n<div class=\"wp-block-jetpack-send-a-message\"><\/div>\n<\/div>\n\n\n\n<div class=\"wp-block-column is-layout-flow wp-block-column-is-layout-flow\">\n<h2 class=\"wp-block-heading has-large-font-size\">DIRECCI\u00d3N<\/h2>\n\n\n\n<h2 class=\"wp-block-heading has-large-font-size\"><br><strong>TEXCOCO <\/strong><\/h2>\n\n\n\n<h2 class=\"wp-block-heading has-large-font-size\"><strong>Estado de M\u00e9xico  <\/strong><\/h2>\n\n\n\n<h2 class=\"wp-block-heading has-large-font-size\"><strong>C.P. 56220<\/strong><\/h2>\n\n\n\n<p><\/p>\n<\/div>\n<\/div>\n\n\n\n<hr class=\"wp-block-separator has-text-color has-zeever-third-color has-alpha-channel-opacity has-zeever-third-background-color has-background is-style-wide\"\/>\n<\/div>\n\n\n\n<div class=\"wp-block-jetpack-send-a-message\"><\/div>\n","protected":false},"excerpt":{"rendered":"<p>MISI\u00d3N Ser l\u00edderes en la Ingenier\u00eda de Dise\u00f1o para la ejecuci\u00f3n de proyectos exitosos. VISI\u00d3N Excelencia en la Ingenier\u00eda a trav\u00e9s de LA EXPERIENCIA de personal especializado.<\/p>\n","protected":false},"author":1,"featured_media":735,"parent":0,"menu_order":0,"comment_status":"closed","ping_status":"closed","template":"","meta":{"footnotes":""},"class_list":["post-757","page","type-page","status-publish","has-post-thumbnail","hentry"],"_links":{"self":[{"href":"https:\/\/hfengineering.com.mx\/index.php?rest_route=\/wp\/v2\/pages\/757"}],"collection":[{"href":"https:\/\/hfengineering.com.mx\/index.php?rest_route=\/wp\/v2\/pages"}],"about":[{"href":"https:\/\/hfengineering.com.mx\/index.php?rest_route=\/wp\/v2\/types\/page"}],"author":[{"embeddable":true,"href":"https:\/\/hfengineering.com.mx\/index.php?rest_route=\/wp\/v2\/users\/1"}],"replies":[{"embeddable":true,"href":"https:\/\/hfengineering.com.mx\/index.php?rest_route=%2Fwp%2Fv2%2Fcomments&post=757"}],"version-history":[{"count":12,"href":"https:\/\/hfengineering.com.mx\/index.php?rest_route=\/wp\/v2\/pages\/757\/revisions"}],"predecessor-version":[{"id":1217,"href":"https:\/\/hfengineering.com.mx\/index.php?rest_route=\/wp\/v2\/pages\/757\/revisions\/1217"}],"wp:featuredmedia":[{"embeddable":true,"href":"https:\/\/hfengineering.com.mx\/index.php?rest_route=\/wp\/v2\/media\/735"}],"wp:attachment":[{"href":"https:\/\/hfengineering.com.mx\/index.php?rest_route=%2Fwp%2Fv2%2Fmedia&parent=757"}],"curies":[{"name":"wp","href":"https:\/\/api.w.org\/{rel}","templated":true}]}}